25.
41
Calculate the greatest common divisor of 4123 and 1953.
217
Calculate the highest common factor of 686 and 32.
2
Calculate the greatest common factor of 82 and 5043.
41
What is the highest common factor of 3006 and 36?
18
What is the greatest common divisor of 324 and 768?
12
Calculate the highest common factor of 129 and 1.
1
What is the highest common divisor of 285 and 15?
15
What is the highest common divisor of 416 and 286?
26
What is the greatest common factor of 71 and 2698?
71
What is the highest common divisor of 4114 and 68?
34
What is the highest common factor of 1508 and 16211?
377
What is the highest common divisor of 7306 and 13?
13
What is the highest common factor of 882 and 414?
18
Calculate the greatest common factor of 10 and 60.
10
What is the greatest common divisor of 576 and 12?
12
What is the greatest common factor of 212 and 53?
53
What is the highest common factor of 198 and 6402?
66
Calculate the greatest common factor of 2646 and 210.
42
Calculate the greatest common factor of 138 and 32154.
138
Calculate the greatest common factor of 3013 and 393.
131
Calculate the highest common factor of 5253 and 17.
17
Calculate the highest common factor of 30 and 162.
6
What is the highest common factor of 7662 and 6?
6
What is the highest common factor of 86 and 20640?
86
Calculate the greatest common divisor of 18 and 1413.
9
Calculate the highest common factor of 58 and 2581.
29
What is the greatest common factor of 5311 and 113?
113
What is the highest common divisor of 22 and 33?
11
What is the highest common divisor of 9 and 5571?
9
What is the highest common factor of 4774 and 154?
154
Calculate the highest common divisor of 84 and 112.
28
What is the highest common factor of 78 and 1612?
26
Calculate the greatest common factor of 20 and 8.
4
Calculate the highest common divisor of 52 and 78.
26
What is the highest common factor of 84 and 1092?
84
What is the highest common divisor of 150 and 240?
30
Calculate the greatest common divisor of 737 and 11.
11
What is the highest common factor of 64 and 72?
8
What is the greatest common divisor of 1555 and 20?
5
Calculate the highest common divisor of 406 and 14.
14
What is the greatest common factor of 43 and 731?
43
What is the greatest common divisor of 465 and 2085?
15
What is the highest common divisor of 912 and 72?
24
What is the greatest common factor of 5 and 135?
5
Calculate the greatest common divisor of 15 and 615.
15
Calculate the highest common factor of 118 and 14.
2
What is the greatest common factor of 19 and 17860?
19
Calculate the greatest common factor of 804 and 12.
12
What is the greatest common divisor of 85 and 697?
17
What is the greatest common divisor of 11 and 5533?
11
What is the greatest common factor of 24180 and 585?
195
What is the highest common divisor of 304 and 19?
19
What is the highest common factor of 56 and 3178?
14
What is the highest common factor of 1288 and 56?
56
What is the highest common factor of 236 and 177?
59
What is the highest common factor of 11005 and 775?
155
Calculate the greatest common divisor of 100 and 1900.
100
What is the greatest common divisor of 286 and 1100?
22
Calculate the highest common divisor of 1953 and 1519.
217
Calculate the greatest common divisor of 165 and 480.
15
What is the greatest common divisor of 708 and 12272?
236
Calculate the greatest common factor of 22 and 3014.
22
What is the greatest common divisor of 912 and 1254?
114
Calculate the greatest common factor of 255 and 10.
5
What is the highest common factor of 80 and 60?
20
Calculate the greatest common divisor of 22 and 143.
11
What is the highest common factor of 936 and 39?
39
What is the greatest common divisor of 944 and 354?
118
Calculate the highest common factor of 85 and 65.
5
What is the highest common divisor of 408 and 51?
51
Calculate the greatest common divisor of 10 and 95.
5
Calculate the greatest common factor of 18 and 6174.
18
Calculate the greatest common factor of 420 and 800.
20
Calculate the greatest common factor of 1 and 19.
1
Calculate the highest common factor of 32 and 16992.
32
What is the greatest common factor of 407 and 4736?
37
What is the greatest common divisor of 180 and 300?
60
What is the highest common divisor of 4870 and 40?
10
Calculate the highest common divisor of 44 and 1562.
22
Calculate the greatest common factor of 1419 and 363.
33
Calculate the greatest common factor of 53234 and 43.
43
Calculate the highest common factor of 7020 and 972.
108
What is the highest common divisor of 48 and 282?
6
Calculate the highest common factor of 168 and 224.
56
Calculate the greatest common factor of 62 and 21173.
31
What is the greatest common factor of 464 and 16?
16
Calculate the highest common divisor of 30 and 12170.
10
Calculate the greatest common factor of 2938 and 26.
26
What is the highest common divisor of 1950 and 300?
150
Calculate the highest common divisor of 49 and 245.
49
What is the highest common divisor of 312 and 36?
12
Calculate the highest common divisor of 22879 and 167.
167
Calculate the highest common factor of 88 and 374.
22
Calculate the highest common factor of 804 and 48.
12
Calculate the greatest common divisor of 3402 and 42.
42
What is the greatest common factor of 238 and 1785?
119
Calculate the highest common divisor of 824 and 32.
8
Calculate the greatest common divisor of 581 and 7.
7
What is the highest common divisor of 18547 and 17?
17
What is the greatest common divisor of 264 and 42?
6
Calculate the greatest common factor of 28 and 3668.
28
Calculate the highest common factor of 240 and 460.
20
What is the greatest common factor of 242 and 44?
22
What is the greatest common divisor of 120 and 8820?
60
Calculate the greatest common divisor of 110 and 154.
22
Calculate the greatest common divisor of 6 and 177.
3
Calculate the greatest common divisor of 63 and 14.
7
What is the highest common factor of 2307 and 6?
3
Calculate the highest common factor of 6302 and 92.
46
What is the highest common factor of 45 and 153?
9
What is the greatest common factor of 272 and 32?
16
What is the greatest common factor of 2394 and 114?
114
Calculate the highest common divisor of 1444 and 532.
76
What is the greatest common divisor of 9 and 981?
9
What is the highest common factor of 5236 and 595?
119
Calculate the greatest common factor of 11 and 22.
11
Calculate the greatest common factor of 6 and 24.
6
Calculate the highest common factor of 8 and 32.
8
Calculate the greatest common factor of 12186 and 18.
18
What is the greatest common factor of 204 and 36?
12
Calculate the greatest common divisor of 40 and 2.
2
Calculate the greatest common factor of 346 and 5363.
173
What is the greatest common factor of 59 and 10797?
59
What is the highest common factor of 80 and 540?
20
What is the highest common factor of 126 and 28?
14
Calculate the greatest common divisor of 544 and 34.
34
What is the greatest common factor of 2 and 21?
1
Calculate the highest common factor of 206 and 309.
103
What is the highest common divisor of 21 and 231?
21
Calculate the highest common factor of 12 and 48.
12
What is the highest common divisor of 747 and 166?
83
Calculate the greatest common divisor of 1014 and 390.
78
What is the highest common divisor of 384 and 416?
32
What is the highest common divisor of 270 and 30?
30
What is the highest common factor of 1222 and 26?
26
Calculate the highest common factor of 1 and 5.
1
Calculate the highest common factor of 2303 and 2205.
49
What is the highest common divisor of 231 and 264?
33
Calculate the highest common divisor of 305 and 5.
5
Calculate the greatest common factor of 19 and 247.
19
Calculate the greatest common factor of 200 and 525.
25
What is the greatest common divisor of 17 and 1?
1
What is the greatest common divisor of 3277 and 493?
29
What is the highest common divisor of 1521 and 39?
39
What is the greatest common factor of 1815 and 2475?
165
What is the highest common factor of 132 and 24552?
132
Calculate the highest common divisor of 1152 and 3792.
48
What is the highest common factor of 7711 and 121?
11
Calculate the highest common divisor of 19 and 51433.
19
Calculate the highest common divisor of 5810 and 21.
7
Wha